s digit of 438723?
8
What is the millions digit of 6487729?
6
What is the thousands digit of 7028457?
8
What is the ten thousands digit of 535617?
3
What is the ten millions digit of 34937133?
3
What is the units digit of 574312?
2
What is the tens digit of 1785317?
1
What is the hundreds digit of 1137830?
8
What is the millions digit of 4595172?
4
What is the thousands digit of 455914?
5
What is the ten millions digit of 14782288?
1
What is the hundreds digit of 167647?
6
What is the hundred thousands digit of 527035?
5
What is the thousands digit of 141640?
1
What is the thousands digit of 2038408?
8
What is the hundred thousands digit of 1833748?
8
What is the ten thousands digit of 250567?
5
What is the ten thousands digit of 1559019?
5
What is the ten thousands digit of 2572176?
7
What is the units digit of 5025124?
4
What is the hundred thousands digit of 392924?
3
What is the hundreds digit of 1526507?
5
What is the tens digit of 709906?
0
What is the millions digit of 24719684?
4
What is the ten thousands digit of 23328?
2
What is the thousands digit of 371668?
1
What is the ten thousands digit of 3132548?
3
What is the thousands digit of 388940?
8
What is the hundred thousands digit of 2263095?
2
What is the ten thousands digit of 4928757?
2
What is the hundred thousands digit of 6933812?
9
What is the hundreds digit of 813390?
3
What is the thousands digit of 625770?
5
What is the hundred thousands digit of 31147191?
1
What is the ten thousands digit of 27776386?
7
What is the thousands digit of 3081399?
1
What is the ten thousands digit of 4171227?
7
What is the units digit of 55759?
9
What is the tens digit of 293028?
2
What is the hundred thousands digit of 277949?
2
What is the ten thousands digit of 42243?
4
What is the hundreds digit of 618712?
7
What is the tens digit of 5952644?
4
What is the hundred thousands digit of 8784484?
7
What is the hundreds digit of 267113?
1
What is the ten thousands digit of 914282?
1
What is the hundred thousands digit of 8530059?
5
What is the ten thousands digit of 6357363?
5
What is the units digit of 1128547?
7
What is the hundred thousands digit of 9286432?
2
What is the units digit of 268477?
7
What is the thousands digit of 605028?
5
What is the units digit of 278985?
5
What is the units digit of 9283327?
7
What is the thousands digit of 262662?
2
What is the tens digit of 9976437?
3
What is the hundred thousands digit of 2340396?
3
What is the hundred thousands digit of 15751834?
7
What is the ten thousands digit of 2455872?
5
What is the ten thousands digit of 194470?
9
What is the thousands digit of 930975?
0
What is the hundred thousands digit of 2900789?
9
What is the hundreds digit of 382344?
3
What is the ten thousands digit of 7849497?
4
What is the thousands digit of 211516?
1
What is the units digit of 633717?
7
What is the ten millions digit of 20821696?
2
What is the hundreds digit of 518608?
6
What is the units digit of 12400510?
0
What is the thousands digit of 7187870?
7
What is the units digit of 614783?
3
What is the ten thousands digit of 91348?
9
What is the ten millions digit of 13615157?
1
What is the tens digit of 491107?
0
What is the ten thousands digit of 3523109?
2
What is the units digit of 12861516?
6
What is the ten thousands digit of 438784?
3
What is the thousands digit of 595895?
5
What is the tens digit of 189493?
9
What is the ten thousands digit of 633539?
3
What is the tens digit of 273393?
9
What is the hundreds digit of 4427029?
0
What is the thousands digit of 35151?
5
What is the units digit of 99443?
3
What is the ten thousands digit of 286393?
8
What is the tens digit of 17180028?
2
What is the ten thousands digit of 4772258?
7
What is the thousands digit of 4183376?
3
What is the ten thousands digit of 122238?
2
What is the thousands digit of 15781?
5
What is the tens digit of 1352075?
7
What is the tens digit of 452955?
5
What is the ten thousands digit of 236113?
3
What is the ten thousands digit of 1015506?
1
What is the hundred thousands digit of 350132?
3
What is the hundred thousands digit of 2709716?
7
What is the hundred thousands digit of 185150?
1
What is the ten thousands digit of 2386988?
8
What is the tens digit of 1113004?
0
What is the units digit of 231589?
9
What is the thousands digit of 204250?
4
What is the hundreds digit of 6255876?
8
What is the thousands digit of 11451323?
1
What is the ten millions digit of 15500875?
1
What is the thousands digit of 565667?
5
What is the millions digit of 7054273?
7
What is the ten thousands digit of 10806367?
0
What is the units digit of 205724?
4
What is the ten thousands digit of 906307?
0
What is the hundred thousands digit of 2858596?
8
What is the ten thousands digit of 19811289?
1
What is the tens digit of 78196?
9
What is the ten thousands digit of 166353?
6
What is the thousands digit of 22571230?
1
What is the tens digit of 1261852?
5
What is the tens digit of 2360639?
3
What is the tens digit of 581657?
5
What is the tens digit of 529645?
4
What is the millions digit of 2517529?
2
What is the thousands digit of 470584?
0
What is the hundreds digit of 265181?
1
What is the thousands digit of 350692?
0
What is the ten thousands digit of 249449?
4
What is the millions digit of 1173718?
1
What is the ten thousands digit of 194861?
9
What is the ten thousands digit of 139550?
3
What is the hundreds digit of 8298991?
9
What is the ten thousands digit of 3589765?
8
What is the units digit of 3304?
4
What is the thousands digit of 154748?
4
What is the ten thousands digit of 6356218?
5
What is the hundred thousands digit of 341365?
3
What is the hundreds digit of 207854?
8
What is the thousands digit of 130590?
0
What is the hundred thousands digit of 1571248?
5
What is the thousands digit of 16005008?
5
What is the thousands digit of 19284?
9
What is the ten thousands digit of 267411?
6
What is the thousands digit of 382522?
2
What is the hundred thousands digit of 573893?
5
What is the thousands digit of 36366?
6
What is the tens digit of 336122?
2
What is the hundreds digit of 270619?
6
What is the millions digit of 1358898?
1
What is the hundred thousands digit of 1699827?
6
What is the units digit of 93560?
0
What is the thousands digit of 2249?
2
What is the hundred thousands digit of 16638964?
6
What is the ten thousands digit of 540729?
4
What is the hundred thousands digit of 3907881?
9
What is the millions digit of 3482516?
3
What is the hundred thousands digit of 1316384?
3
What is the hundreds digit of 16551082?
0
What is the hundred thousands digit of 1198473?
1
What is the ten thousands digit of 192378?
9
What is the hundred thousands digit of 167933?
1
What is the hundreds digit of 47878?
8
What is the thousands digit of 2792288?
2
What is the tens digit of 722975?
7
What is the units digit of 8363111?
1
What is the millions digit of 23461392?
3
What is the thousands digit of 4374678?
4
What is the ten thousands digit of 470245?
7
What is the units digit of 446526?
6
What is the thousands digit of 9685854?
5
What is the thousands digit of 171400?
1
What is the tens digit of 125246?
4
What is the thousands digit of 20248985?
8
What is the tens digit of 1201604?
0
What is the thousands digit of 5241276?
1
What is the thousands digit of 166515?
6
What is the ten thousands digit of 3576343?
7
What is the units digit of 97811?
1
What is the thousands digit of 186503?
6
What is the units digit of 71296?
6
What is the hundreds digit of 196875?
8
What is the ten thousands digit of 368816?
6
What is the millions digit of 10446097?
0
What is the hundred thousands digit of 4938986?
9
What is the units digit of 186788?
8
What is the hundred thousands digit of 4930789?
9
What is the millions digit of 13091302?
3
What is the thousands digit of 3870537?
0
What is the tens digit of 2851082?
8
What is the hundred thousands digit of 124228?
1
What is the thousands digit of 6842455?
2
What is the units digit of 5044898?
8
What is the hundreds digit of 85020?
0
What is the ten thousands digit of 87620?
8
What is the thousands digit of 528262?
8
What is the units digit of 7889789?
9
What is the ten thousands digit of 667042?
6
What is the hundred thousands digit of 513282?
5
What is the t